{"id":487,"date":"2025-10-24T08:38:28","date_gmt":"2025-10-24T06:38:28","guid":{"rendered":"https:\/\/kraje.rsd.cz\/s35\/?page_id=487"},"modified":"2025-11-12T13:27:35","modified_gmt":"2025-11-12T12:27:35","slug":"faq","status":"publish","type":"page","link":"https:\/\/kraje.rsd.cz\/s35\/faq\/","title":{"rendered":"FAQ"},"content":{"rendered":"\t\t<div data-elementor-type=\"wp-page\" data-elementor-id=\"487\" class=\"elementor elementor-487\" data-elementor-post-type=\"page\">\n\t\t\t\t<div class=\"elementor-element elementor-element-235f118a e-flex e-con-boxed e-con e-parent\" data-id=\"235f118a\" data-element_type=\"container\" data-e-type=\"container\" data-settings=\"{&quot;background_background&quot;:&quot;classic&quot;}\">\n\t\t\t\t\t<div class=\"e-con-inner\">\n\t\t<div class=\"elementor-element elementor-element-434d6b00 e-con-full e-flex e-con e-child\" data-id=\"434d6b00\" data-element_type=\"container\" data-e-type=\"container\">\n\t\t\t\t<div class=\"elementor-element elementor-element-2f6133ae elementor-widget elementor-widget-theme-post-title elementor-page-title elementor-widget-heading\" data-id=\"2f6133ae\" data-element_type=\"widget\" data-e-type=\"widget\" data-widget_type=\"theme-post-title.default\">\n\t\t\t\t\t<h1 class=\"elementor-heading-title elementor-size-default\">FAQ<\/h1>\t\t\t\t<\/div>\n\t\t\t\t<div class=\"elementor-element elementor-element-10f729e7 elementor-widget elementor-widget-heading\" data-id=\"10f729e7\" data-element_type=\"widget\" data-e-type=\"widget\" data-widget_type=\"heading.default\">\n\t\t\t\t\t<h2 class=\"elementor-heading-title elementor-size-default\">\u010castokladen\u00e9 ot\u00e1zky<\/h2>\t\t\t\t<\/div>\n\t\t\t\t<\/div>\n\t\t\t\t\t<\/div>\n\t\t\t\t<\/div>\n\t\t<div class=\"elementor-element elementor-element-dea3bb4 e-flex e-con-boxed e-con e-parent\" data-id=\"dea3bb4\" data-element_type=\"container\" data-e-type=\"container\" data-settings=\"{&quot;background_background&quot;:&quot;classic&quot;}\">\n\t\t\t\t\t<div class=\"e-con-inner\">\n\t\t\t\t<div class=\"elementor-element elementor-element-1507ca6 elementor-widget elementor-widget-n-accordion\" data-id=\"1507ca6\" data-element_type=\"widget\" data-e-type=\"widget\" data-settings=\"{&quot;default_state&quot;:&quot;all_collapsed&quot;,&quot;n_accordion_animation_duration&quot;:{&quot;unit&quot;:&quot;ms&quot;,&quot;size&quot;:700,&quot;sizes&quot;:[]},&quot;max_items_expended&quot;:&quot;one&quot;}\" data-widget_type=\"nested-accordion.default\">\n\t\t\t\t\t\t\t<div class=\"e-n-accordion\" aria-label=\"Accordion. Open links with Enter or Space, close with Escape, and navigate with Arrow Keys\">\n\t\t\t\t\t\t<details id=\"e-n-accordion-item-2200\" class=\"e-n-accordion-item\" >\n\t\t\t\t<summary class=\"e-n-accordion-item-title\" data-accordion-index=\"1\" tabindex=\"0\" aria-expanded=\"false\" aria-controls=\"e-n-accordion-item-2200\" >\n\t\t\t\t\t<span class='e-n-accordion-item-title-header'><div class=\"e-n-accordion-item-title-text\"> Jak prob\u00edh\u00e1 v\u00fdkup pozemk\u016f pro silnici I\/35? <\/div><\/span>\n\t\t\t\t\t\t\t<span class='e-n-accordion-item-title-icon'>\n\t\t\t<span class='e-opened' ><svg aria-hidden=\"true\" class=\"e-font-icon-svg e-fas-minus\" viewBox=\"0 0 448 512\" xmlns=\"http:\/\/www.w3.org\/2000\/svg\"><path d=\"M416 208H32c-17.67 0-32 14.33-32 32v32c0 17.67 14.33 32 32 32h384c17.67 0 32-14.33 32-32v-32c0-17.67-14.33-32-32-32z\"><\/path><\/svg><\/span>\n\t\t\t<span class='e-closed'><svg aria-hidden=\"true\" class=\"e-font-icon-svg e-fas-plus\" viewBox=\"0 0 448 512\" xmlns=\"http:\/\/www.w3.org\/2000\/svg\"><path d=\"M416 208H272V64c0-17.67-14.33-32-32-32h-32c-17.67 0-32 14.33-32 32v144H32c-17.67 0-32 14.33-32 32v32c0 17.67 14.33 32 32 32h144v144c0 17.67 14.33 32 32 32h32c17.67 0 32-14.33 32-32V304h144c17.67 0 32-14.33 32-32v-32c0-17.67-14.33-32-32-32z\"><\/path><\/svg><\/span>\n\t\t<\/span>\n\n\t\t\t\t\t\t<\/summary>\n\t\t\t\t<div role=\"region\" aria-labelledby=\"e-n-accordion-item-2200\" class=\"elementor-element elementor-element-f1aac57 e-con-full e-flex e-con e-child\" data-id=\"f1aac57\" data-element_type=\"container\" data-e-type=\"container\">\n\t\t\t\t<div class=\"elementor-element elementor-element-1418c5e elementor-widget elementor-widget-text-editor\" data-id=\"1418c5e\" data-element_type=\"widget\" data-e-type=\"widget\" data-widget_type=\"text-editor.default\">\n\t\t\t\t\t\t\t\t\t<p>V\u00fdkupy pozemk\u016f a dal\u0161\u00ed majetkov\u00e9 z\u00e1le\u017eitosti jsou rozd\u011bleny podle jednotliv\u00fdch \u00fasek\u016f, aby komunikace s vlastn\u00edky byla co nejjednodu\u0161\u0161\u00ed a nejrychlej\u0161\u00ed. U stavby M\u00daK Ohrazenice ji\u017e v\u00fdkupy pozemk\u016f zapo\u010daly.<\/p><p>Jakmile budou dokon\u010deny v\u0161echny pot\u0159ebn\u00e9 dokumenty pro dal\u0161\u00ed \u00faseky \u2013 v\u010detn\u011b z\u00e1borov\u00fdch elabor\u00e1t\u016f \u2013 za\u010dneme jednotliv\u00fdm vlastn\u00edk\u016fm rozes\u00edlat n\u00e1vrhy kupn\u00edch smluv. Sou\u010d\u00e1st\u00ed dopisu bude tak\u00e9 p\u0159ehledn\u00fd popis cel\u00e9ho postupu, kontaktn\u00ed osoba pro p\u0159\u00edpadn\u00e9 dotazy a dal\u0161\u00ed praktick\u00e9 informace.<\/p><p>Rozes\u00edl\u00e1n\u00ed n\u00e1vrh\u016f bude prob\u00edhat postupn\u011b a cel\u00fd proces m\u016f\u017ee trvat n\u011bkolik m\u011bs\u00edc\u016f.<\/p>\t\t\t\t\t\t\t\t<\/div>\n\t\t\t\t<\/div>\n\t\t\t\t\t<\/details>\n\t\t\t\t\t\t<details id=\"e-n-accordion-item-2201\" class=\"e-n-accordion-item\" >\n\t\t\t\t<summary class=\"e-n-accordion-item-title\" data-accordion-index=\"2\" tabindex=\"-1\" aria-expanded=\"false\" aria-controls=\"e-n-accordion-item-2201\" >\n\t\t\t\t\t<span class='e-n-accordion-item-title-header'><div class=\"e-n-accordion-item-title-text\"> Jak se \u0159e\u0161\u00ed hluk u nov\u00e9 silnice I\/35? <\/div><\/span>\n\t\t\t\t\t\t\t<span class='e-n-accordion-item-title-icon'>\n\t\t\t<span class='e-opened' ><svg aria-hidden=\"true\" class=\"e-font-icon-svg e-fas-minus\" viewBox=\"0 0 448 512\" xmlns=\"http:\/\/www.w3.org\/2000\/svg\"><path d=\"M416 208H32c-17.67 0-32 14.33-32 32v32c0 17.67 14.33 32 32 32h384c17.67 0 32-14.33 32-32v-32c0-17.67-14.33-32-32-32z\"><\/path><\/svg><\/span>\n\t\t\t<span class='e-closed'><svg aria-hidden=\"true\" class=\"e-font-icon-svg e-fas-plus\" viewBox=\"0 0 448 512\" xmlns=\"http:\/\/www.w3.org\/2000\/svg\"><path d=\"M416 208H272V64c0-17.67-14.33-32-32-32h-32c-17.67 0-32 14.33-32 32v144H32c-17.67 0-32 14.33-32 32v32c0 17.67 14.33 32 32 32h144v144c0 17.67 14.33 32 32 32h32c17.67 0 32-14.33 32-32V304h144c17.67 0 32-14.33 32-32v-32c0-17.67-14.33-32-32-32z\"><\/path><\/svg><\/span>\n\t\t<\/span>\n\n\t\t\t\t\t\t<\/summary>\n\t\t\t\t<div role=\"region\" aria-labelledby=\"e-n-accordion-item-2201\" class=\"elementor-element elementor-element-62e65b0 e-con-full e-flex e-con e-child\" data-id=\"62e65b0\" data-element_type=\"container\" data-e-type=\"container\">\n\t\t\t\t<div class=\"elementor-element elementor-element-ec351d3 elementor-widget elementor-widget-text-editor\" data-id=\"ec351d3\" data-element_type=\"widget\" data-e-type=\"widget\" data-widget_type=\"text-editor.default\">\n\t\t\t\t\t\t\t\t\t<p>P\u0159i p\u0159\u00edprav\u011b silnice I\/35 je ot\u00e1zka hluku jednou z hlavn\u00edch priorit. Silnice m\u016f\u017ee b\u00fdt zprovozn\u011bna jen tehdy, pokud spln\u00ed z\u00e1konn\u00e9 hygienick\u00e9 limity hluku. Projektanti proto hledaj\u00ed \u0159e\u0161en\u00ed, kter\u00e1 co nejv\u00edce omez\u00ed hluk i dopad stavby na okoln\u00ed p\u0159\u00edrodu. V\u0161echna protihlukov\u00e1 opat\u0159en\u00ed i n\u00e1vrhy most\u016f se p\u0159ipravuj\u00ed podle podm\u00ednek stanoven\u00fdch v posouzen\u00ed EIA a z\u00e1rove\u0148 se o nich jedn\u00e1 s p\u0159edstaviteli dot\u010den\u00fdch obc\u00ed.<\/p>\t\t\t\t\t\t\t\t<\/div>\n\t\t\t\t<\/div>\n\t\t\t\t\t<\/details>\n\t\t\t\t\t\t<details id=\"e-n-accordion-item-2202\" class=\"e-n-accordion-item\" >\n\t\t\t\t<summary class=\"e-n-accordion-item-title\" data-accordion-index=\"3\" tabindex=\"-1\" aria-expanded=\"false\" aria-controls=\"e-n-accordion-item-2202\" >\n\t\t\t\t\t<span class='e-n-accordion-item-title-header'><div class=\"e-n-accordion-item-title-text\"> Jak bude zaji\u0161t\u011bn p\u0159\u00edstup na pozemky po v\u00fdstavb\u011b silnice I\/35? <\/div><\/span>\n\t\t\t\t\t\t\t<span class='e-n-accordion-item-title-icon'>\n\t\t\t<span class='e-opened' ><svg aria-hidden=\"true\" class=\"e-font-icon-svg e-fas-minus\" viewBox=\"0 0 448 512\" xmlns=\"http:\/\/www.w3.org\/2000\/svg\"><path d=\"M416 208H32c-17.67 0-32 14.33-32 32v32c0 17.67 14.33 32 32 32h384c17.67 0 32-14.33 32-32v-32c0-17.67-14.33-32-32-32z\"><\/path><\/svg><\/span>\n\t\t\t<span class='e-closed'><svg aria-hidden=\"true\" class=\"e-font-icon-svg e-fas-plus\" viewBox=\"0 0 448 512\" xmlns=\"http:\/\/www.w3.org\/2000\/svg\"><path d=\"M416 208H272V64c0-17.67-14.33-32-32-32h-32c-17.67 0-32 14.33-32 32v144H32c-17.67 0-32 14.33-32 32v32c0 17.67 14.33 32 32 32h144v144c0 17.67 14.33 32 32 32h32c17.67 0 32-14.33 32-32V304h144c17.67 0 32-14.33 32-32v-32c0-17.67-14.33-32-32-32z\"><\/path><\/svg><\/span>\n\t\t<\/span>\n\n\t\t\t\t\t\t<\/summary>\n\t\t\t\t<div role=\"region\" aria-labelledby=\"e-n-accordion-item-2202\" class=\"elementor-element elementor-element-243ce95 e-con-full e-flex e-con e-child\" data-id=\"243ce95\" data-element_type=\"container\" data-e-type=\"container\">\n\t\t\t\t<div class=\"elementor-element elementor-element-9a8f06a elementor-widget elementor-widget-text-editor\" data-id=\"9a8f06a\" data-element_type=\"widget\" data-e-type=\"widget\" data-widget_type=\"text-editor.default\">\n\t\t\t\t\t\t\t\t\t<p>Pokud nov\u00e1 silnice I\/35 p\u0159etne st\u00e1vaj\u00edc\u00ed silnici nebo poln\u00ed cestu, projektant navrhne nov\u00e9 napojen\u00ed \u2013 bu\u010f podjezdem, nebo nadjezdem p\u0159es silnici. Stejn\u00fdm zp\u016fsobem se \u0159e\u0161\u00ed i p\u0159\u00edstup k pozemk\u016fm, kter\u00e9 budou silnic\u00ed rozd\u011bleny. Pro takov\u00e9to pozemky se navrhuje nov\u00e1 p\u0159\u00edstupov\u00e1 cesta. V\u0161echny n\u00e1vrhy se projedn\u00e1vaj\u00ed s obcemi, kter\u00fdch se stavba t\u00fdk\u00e1, a v p\u0159\u00edpad\u011b pot\u0159eby tak\u00e9 p\u0159\u00edmo s vlastn\u00edky pozemk\u016f.<\/p>\t\t\t\t\t\t\t\t<\/div>\n\t\t\t\t<\/div>\n\t\t\t\t\t<\/details>\n\t\t\t\t\t<\/div>\n\t\t\t\t\t<script type=\"application\/ld+json\">{\"@context\":\"https:\\\/\\\/schema.org\",\"@type\":\"FAQPage\",\"mainEntity\":[{\"@type\":\"Question\",\"name\":\"Jak prob\\u00edh\\u00e1 v\\u00fdkup pozemk\\u016f pro silnici I\\\/35?\",\"acceptedAnswer\":{\"@type\":\"Answer\",\"text\":\"V\\u00fdkupy pozemk\\u016f a dal\\u0161\\u00ed majetkov\\u00e9 z\\u00e1le\\u017eitosti jsou rozd\\u011bleny podle jednotliv\\u00fdch \\u00fasek\\u016f, aby komunikace s vlastn\\u00edky byla co nejjednodu\\u0161\\u0161\\u00ed a nejrychlej\\u0161\\u00ed. U stavby M\\u00daK Ohrazenice ji\\u017e v\\u00fdkupy pozemk\\u016f zapo\\u010daly.Jakmile budou dokon\\u010deny v\\u0161echny pot\\u0159ebn\\u00e9 dokumenty pro dal\\u0161\\u00ed \\u00faseky \\u2013 v\\u010detn\\u011b z\\u00e1borov\\u00fdch elabor\\u00e1t\\u016f \\u2013 za\\u010dneme jednotliv\\u00fdm vlastn\\u00edk\\u016fm rozes\\u00edlat n\\u00e1vrhy kupn\\u00edch smluv. Sou\\u010d\\u00e1st\\u00ed dopisu bude tak\\u00e9 p\\u0159ehledn\\u00fd popis cel\\u00e9ho postupu, kontaktn\\u00ed osoba pro p\\u0159\\u00edpadn\\u00e9 dotazy a dal\\u0161\\u00ed praktick\\u00e9 informace.Rozes\\u00edl\\u00e1n\\u00ed n\\u00e1vrh\\u016f bude prob\\u00edhat postupn\\u011b a cel\\u00fd proces m\\u016f\\u017ee trvat n\\u011bkolik m\\u011bs\\u00edc\\u016f.\"}},{\"@type\":\"Question\",\"name\":\"Jak se \\u0159e\\u0161\\u00ed hluk u nov\\u00e9 silnice I\\\/35?\",\"acceptedAnswer\":{\"@type\":\"Answer\",\"text\":\"P\\u0159i p\\u0159\\u00edprav\\u011b silnice I\\\/35 je ot\\u00e1zka hluku jednou z hlavn\\u00edch priorit. Silnice m\\u016f\\u017ee b\\u00fdt zprovozn\\u011bna jen tehdy, pokud spln\\u00ed z\\u00e1konn\\u00e9 hygienick\\u00e9 limity hluku. Projektanti proto hledaj\\u00ed \\u0159e\\u0161en\\u00ed, kter\\u00e1 co nejv\\u00edce omez\\u00ed hluk i dopad stavby na okoln\\u00ed p\\u0159\\u00edrodu. V\\u0161echna protihlukov\\u00e1 opat\\u0159en\\u00ed i n\\u00e1vrhy most\\u016f se p\\u0159ipravuj\\u00ed podle podm\\u00ednek stanoven\\u00fdch v posouzen\\u00ed EIA a z\\u00e1rove\\u0148 se o nich jedn\\u00e1 s p\\u0159edstaviteli dot\\u010den\\u00fdch obc\\u00ed.\"}},{\"@type\":\"Question\",\"name\":\"Jak bude zaji\\u0161t\\u011bn p\\u0159\\u00edstup na pozemky po v\\u00fdstavb\\u011b silnice I\\\/35?\",\"acceptedAnswer\":{\"@type\":\"Answer\",\"text\":\"Pokud nov\\u00e1 silnice I\\\/35 p\\u0159etne st\\u00e1vaj\\u00edc\\u00ed silnici nebo poln\\u00ed cestu, projektant navrhne nov\\u00e9 napojen\\u00ed \\u2013 bu\\u010f podjezdem, nebo nadjezdem p\\u0159es silnici. Stejn\\u00fdm zp\\u016fsobem se \\u0159e\\u0161\\u00ed i p\\u0159\\u00edstup k pozemk\\u016fm, kter\\u00e9 budou silnic\\u00ed rozd\\u011bleny. Pro takov\\u00e9to pozemky se navrhuje nov\\u00e1 p\\u0159\\u00edstupov\\u00e1 cesta. V\\u0161echny n\\u00e1vrhy se projedn\\u00e1vaj\\u00ed s obcemi, kter\\u00fdch se stavba t\\u00fdk\\u00e1, a v p\\u0159\\u00edpad\\u011b pot\\u0159eby tak\\u00e9 p\\u0159\\u00edmo s vlastn\\u00edky pozemk\\u016f.\"}}]}<\/script>\n\t\t\t\t\t\t\t<\/div>\n\t\t\t\t\t<\/div>\n\t\t\t\t<\/div>\n\t\t\t\t<\/div>\n\t\t","protected":false},"excerpt":{"rendered":"<p>\u010castokladen\u00e9 ot\u00e1zky Jak prob\u00edh\u00e1 v\u00fdkup pozemk\u016f pro silnici I\/35? V\u00fdkupy pozemk\u016f a dal\u0161\u00ed majetkov\u00e9 z\u00e1le\u017eitosti jsou rozd\u011bleny podle jednotliv\u00fdch \u00fasek\u016f, aby komunikace s vlastn\u00edky byla co nejjednodu\u0161\u0161\u00ed a nejrychlej\u0161\u00ed. U stavby M\u00daK Ohrazenice ji\u017e v\u00fdkupy pozemk\u016f zapo\u010daly. Jakmile budou dokon\u010deny v\u0161echny pot\u0159ebn\u00e9 dokumenty pro dal\u0161\u00ed \u00faseky \u2013 v\u010detn\u011b z\u00e1borov\u00fdch elabor\u00e1t\u016f \u2013 za\u010dneme jednotliv\u00fdm vlastn\u00edk\u016fm rozes\u00edlat [&hellip;]<\/p>\n","protected":false},"author":1,"featured_media":0,"parent":0,"menu_order":0,"comment_status":"closed","ping_status":"closed","template":"","meta":{"_acf_changed":false,"footnotes":""},"class_list":["post-487","page","type-page","status-publish","hentry"],"acf":[],"yoast_head":"<!-- This site is optimized with the Yoast SEO plugin v27.4 - https:\/\/yoast.com\/product\/yoast-seo-wordpress\/ -->\n<title>FAQ - Silnice I\/35<\/title>\n<meta name=\"robots\" content=\"index, follow, max-snippet:-1, max-image-preview:large, max-video-preview:-1\" \/>\n<link rel=\"canonical\" href=\"https:\/\/kraje.rsd.cz\/s35\/faq\/\" \/>\n<meta property=\"og:locale\" content=\"cs_CZ\" \/>\n<meta property=\"og:type\" content=\"article\" \/>\n<meta property=\"og:title\" content=\"FAQ - Silnice I\/35\" \/>\n<meta property=\"og:description\" content=\"\u010castokladen\u00e9 ot\u00e1zky Jak prob\u00edh\u00e1 v\u00fdkup pozemk\u016f pro silnici I\/35? V\u00fdkupy pozemk\u016f a dal\u0161\u00ed majetkov\u00e9 z\u00e1le\u017eitosti jsou rozd\u011bleny podle jednotliv\u00fdch \u00fasek\u016f, aby komunikace s vlastn\u00edky byla co nejjednodu\u0161\u0161\u00ed a nejrychlej\u0161\u00ed. U stavby M\u00daK Ohrazenice ji\u017e v\u00fdkupy pozemk\u016f zapo\u010daly. Jakmile budou dokon\u010deny v\u0161echny pot\u0159ebn\u00e9 dokumenty pro dal\u0161\u00ed \u00faseky \u2013 v\u010detn\u011b z\u00e1borov\u00fdch elabor\u00e1t\u016f \u2013 za\u010dneme jednotliv\u00fdm vlastn\u00edk\u016fm rozes\u00edlat [&hellip;]\" \/>\n<meta property=\"og:url\" content=\"https:\/\/kraje.rsd.cz\/s35\/faq\/\" \/>\n<meta property=\"og:site_name\" content=\"Silnice I\/35\" \/>\n<meta property=\"article:modified_time\" content=\"2025-11-12T12:27:35+00:00\" \/>\n<meta name=\"twitter:card\" content=\"summary_large_image\" \/>\n<meta name=\"twitter:label1\" content=\"Odhadovan\u00e1 doba \u010dten\u00ed\" \/>\n\t<meta name=\"twitter:data1\" content=\"3 minuty\" \/>\n<script type=\"application\/ld+json\" class=\"yoast-schema-graph\">{\"@context\":\"https:\\\/\\\/schema.org\",\"@graph\":[{\"@type\":\"WebPage\",\"@id\":\"https:\\\/\\\/kraje.rsd.cz\\\/s35\\\/faq\\\/\",\"url\":\"https:\\\/\\\/kraje.rsd.cz\\\/s35\\\/faq\\\/\",\"name\":\"FAQ - Silnice I\\\/35\",\"isPartOf\":{\"@id\":\"https:\\\/\\\/kraje.rsd.cz\\\/s35\\\/#website\"},\"datePublished\":\"2025-10-24T06:38:28+00:00\",\"dateModified\":\"2025-11-12T12:27:35+00:00\",\"breadcrumb\":{\"@id\":\"https:\\\/\\\/kraje.rsd.cz\\\/s35\\\/faq\\\/#breadcrumb\"},\"inLanguage\":\"cs\",\"potentialAction\":[{\"@type\":\"ReadAction\",\"target\":[\"https:\\\/\\\/kraje.rsd.cz\\\/s35\\\/faq\\\/\"]}]},{\"@type\":\"BreadcrumbList\",\"@id\":\"https:\\\/\\\/kraje.rsd.cz\\\/s35\\\/faq\\\/#breadcrumb\",\"itemListElement\":[{\"@type\":\"ListItem\",\"position\":1,\"name\":\"Dom\u016f\",\"item\":\"https:\\\/\\\/kraje.rsd.cz\\\/s35\\\/\"},{\"@type\":\"ListItem\",\"position\":2,\"name\":\"FAQ\"}]},{\"@type\":\"WebSite\",\"@id\":\"https:\\\/\\\/kraje.rsd.cz\\\/s35\\\/#website\",\"url\":\"https:\\\/\\\/kraje.rsd.cz\\\/s35\\\/\",\"name\":\"Silnice I\\\/35\",\"description\":\"\",\"potentialAction\":[{\"@type\":\"SearchAction\",\"target\":{\"@type\":\"EntryPoint\",\"urlTemplate\":\"https:\\\/\\\/kraje.rsd.cz\\\/s35\\\/?s={search_term_string}\"},\"query-input\":{\"@type\":\"PropertyValueSpecification\",\"valueRequired\":true,\"valueName\":\"search_term_string\"}}],\"inLanguage\":\"cs\"}]}<\/script>\n<!-- \/ Yoast SEO plugin. -->","yoast_head_json":{"title":"FAQ - Silnice I\/35","robots":{"index":"index","follow":"follow","max-snippet":"max-snippet:-1","max-image-preview":"max-image-preview:large","max-video-preview":"max-video-preview:-1"},"canonical":"https:\/\/kraje.rsd.cz\/s35\/faq\/","og_locale":"cs_CZ","og_type":"article","og_title":"FAQ - Silnice I\/35","og_description":"\u010castokladen\u00e9 ot\u00e1zky Jak prob\u00edh\u00e1 v\u00fdkup pozemk\u016f pro silnici I\/35? V\u00fdkupy pozemk\u016f a dal\u0161\u00ed majetkov\u00e9 z\u00e1le\u017eitosti jsou rozd\u011bleny podle jednotliv\u00fdch \u00fasek\u016f, aby komunikace s vlastn\u00edky byla co nejjednodu\u0161\u0161\u00ed a nejrychlej\u0161\u00ed. U stavby M\u00daK Ohrazenice ji\u017e v\u00fdkupy pozemk\u016f zapo\u010daly. Jakmile budou dokon\u010deny v\u0161echny pot\u0159ebn\u00e9 dokumenty pro dal\u0161\u00ed \u00faseky \u2013 v\u010detn\u011b z\u00e1borov\u00fdch elabor\u00e1t\u016f \u2013 za\u010dneme jednotliv\u00fdm vlastn\u00edk\u016fm rozes\u00edlat [&hellip;]","og_url":"https:\/\/kraje.rsd.cz\/s35\/faq\/","og_site_name":"Silnice I\/35","article_modified_time":"2025-11-12T12:27:35+00:00","twitter_card":"summary_large_image","twitter_misc":{"Odhadovan\u00e1 doba \u010dten\u00ed":"3 minuty"},"schema":{"@context":"https:\/\/schema.org","@graph":[{"@type":"WebPage","@id":"https:\/\/kraje.rsd.cz\/s35\/faq\/","url":"https:\/\/kraje.rsd.cz\/s35\/faq\/","name":"FAQ - Silnice I\/35","isPartOf":{"@id":"https:\/\/kraje.rsd.cz\/s35\/#website"},"datePublished":"2025-10-24T06:38:28+00:00","dateModified":"2025-11-12T12:27:35+00:00","breadcrumb":{"@id":"https:\/\/kraje.rsd.cz\/s35\/faq\/#breadcrumb"},"inLanguage":"cs","potentialAction":[{"@type":"ReadAction","target":["https:\/\/kraje.rsd.cz\/s35\/faq\/"]}]},{"@type":"BreadcrumbList","@id":"https:\/\/kraje.rsd.cz\/s35\/faq\/#breadcrumb","itemListElement":[{"@type":"ListItem","position":1,"name":"Dom\u016f","item":"https:\/\/kraje.rsd.cz\/s35\/"},{"@type":"ListItem","position":2,"name":"FAQ"}]},{"@type":"WebSite","@id":"https:\/\/kraje.rsd.cz\/s35\/#website","url":"https:\/\/kraje.rsd.cz\/s35\/","name":"Silnice I\/35","description":"","potentialAction":[{"@type":"SearchAction","target":{"@type":"EntryPoint","urlTemplate":"https:\/\/kraje.rsd.cz\/s35\/?s={search_term_string}"},"query-input":{"@type":"PropertyValueSpecification","valueRequired":true,"valueName":"search_term_string"}}],"inLanguage":"cs"}]}},"_links":{"self":[{"href":"https:\/\/kraje.rsd.cz\/s35\/wp-json\/wp\/v2\/pages\/487","targetHints":{"allow":["GET"]}}],"collection":[{"href":"https:\/\/kraje.rsd.cz\/s35\/wp-json\/wp\/v2\/pages"}],"about":[{"href":"https:\/\/kraje.rsd.cz\/s35\/wp-json\/wp\/v2\/types\/page"}],"author":[{"embeddable":true,"href":"https:\/\/kraje.rsd.cz\/s35\/wp-json\/wp\/v2\/users\/1"}],"replies":[{"embeddable":true,"href":"https:\/\/kraje.rsd.cz\/s35\/wp-json\/wp\/v2\/comments?post=487"}],"version-history":[{"count":0,"href":"https:\/\/kraje.rsd.cz\/s35\/wp-json\/wp\/v2\/pages\/487\/revisions"}],"wp:attachment":[{"href":"https:\/\/kraje.rsd.cz\/s35\/wp-json\/wp\/v2\/media?parent=487"}],"curies":[{"name":"wp","href":"https:\/\/api.w.org\/{rel}","templated":true}]}}